{"id":16,"date":"2018-10-17T20:00:03","date_gmt":"2018-10-17T20:00:03","guid":{"rendered":"http:\/\/www.taborrevika.cz\/?page_id=16"},"modified":"2025-04-21T09:06:00","modified_gmt":"2025-04-21T09:06:00","slug":"o-tabore","status":"publish","type":"page","link":"https:\/\/www.taborrevika.cz\/index.php\/o-tabore\/","title":{"rendered":"O t\u00e1bo\u0159e"},"content":{"rendered":"\n<p>D\u011btsk\u00fd t\u00e1bor\u00a0je orientov\u00e1n jako klasick\u00e9 letn\u00ed pobyt d\u011bt\u00ed s bohat\u00fdm smyslupln\u00fdm programem a sportovn\u00edmi aktivitami. Je veden kolektivem zku\u0161en\u00fdch vedouc\u00edch v \u010dele s Adamem Fialou a Mgr. Gabrielou Jand\u00edkovou.<\/p>\n\n\n\n<p><strong>Historie:<\/strong><\/p>\n\n\n\n<p>D\u011btsk\u00fd t\u00e1bor po dlouh\u00e1 l\u00e9ta vedl zku\u0161en\u00fd pedagog Mgr. Ji\u0159\u00ed Ro\u010d\u00e1k, nejprve v rekrea\u010dn\u00edm are\u00e1lu Plo\u0161tina a n\u00e1sledn\u011b t\u00e1bor p\u0159enesl do rekrea\u010dn\u00edho are\u00e1lu Revika. Pot\u00e9 p\u0159edal t\u00e1bor nov\u00e9mu veden\u00ed, a od roku 2025 se za\u010d\u00edn\u00e1 ps\u00e1t nov\u00e1 kapitola t\u00e1bora pod hlavi\u010dkou spolku Zaleta.<\/p>\n\n\n\n<p><strong>Lokalita:<\/strong><\/p>\n\n\n\n<p>T\u00e1bor po\u0159\u00e1d\u00e1me ji\u017e n\u011bkolik\u00e1t\u00fdm rokem v rekrea\u010dn\u00edm are\u00e1lu Revika Vizovice (www.revika.cz). Are\u00e1l je vhodn\u011b um\u00edst\u011bn v klidn\u00e9 \u010d\u00e1sti Vizovick\u00fdch vrch\u016f a je obklopen hlubok\u00fdmi lesy, kter\u00e9 p\u0159\u00edmo vyb\u00edzej\u00ed k r\u016fznorod\u00fdm t\u00e1borov\u00fdm aktivit\u00e1m. Sou\u010d\u00e1st\u00ed are\u00e1lu jsou tak\u00e9 sportovn\u00ed h\u0159i\u0161t\u011b a baz\u00e9n, kter\u00fd v hork\u00fdch dnech aktivn\u011b a r\u00e1di vyu\u017e\u00edv\u00e1me. D\u00e1le m\u00e1me k dispozici terasu i klubovnu.<\/p>\n\n\n\n<p><strong>Ubytov\u00e1n\u00ed:<\/strong><\/p>\n\n\n\n<p>Mlad\u0161\u00ed d\u011bti ubytov\u00e1v\u00e1me na hlavn\u00ed budov\u011b, kde jsou k dispozici 3-4 l\u016f\u017ekov\u00e9 pokoje, soci\u00e1ln\u00ed z\u00e1zem\u00ed se nach\u00e1z\u00ed na ka\u017ed\u00e9m pat\u0159e. Star\u0161\u00ed d\u011bti jsou ubytov\u00e1ny v chat\u00e1ch, ka\u017ed\u00e1 chata m\u00e1 4 pokoje a vlastn\u00ed soci\u00e1ln\u00ed za\u0159\u00edzen\u00ed, kapacita chaty je 13-17 m\u00edst. Strava je zaji\u0161t\u011bna 5x denn\u011b s celodenn\u00edm pitn\u00fdm re\u017eimem.<\/p>\n\n\n\n<p><strong>Program:<\/strong><\/p>\n\n\n\n<p>Ka\u017edoro\u010dn\u011b vym\u00fd\u0161l\u00edme nosn\u00e9 t\u00e9ma, kter\u00e9 se bude prol\u00ednat cel\u00fdm t\u00e1borem. D\u011bti jsou rozd\u011bleny podle v\u011bku do odd\u00edl\u016f. Dopoledn\u00ed program je v\u011bnov\u00e1n \u010dinnostem v r\u00e1mci odd\u00edl\u016f, kdy n\u00e1pln\u00ed jsou sportovn\u00ed hry, dovednostn\u00ed hry a jin\u00e9. V odpoledn\u00edm programu vyu\u017e\u00edv\u00e1me hlavn\u00ed t\u00e9ma t\u00e1bora k celot\u00e1borov\u00fdm hr\u00e1m. Re\u017eim dne je vhodn\u011b rozpl\u00e1nov\u00e1n ve vztahu k dostate\u010dn\u00e9 dob\u011b sp\u00e1nku, strav\u011b, hygien\u011b, osobn\u00edmu volnu a t\u00e1borov\u00fdm aktivit\u00e1m.<\/p>\n\n\n\n<p><strong>Vedouc\u00ed:<\/strong><\/p>\n\n\n\n<p>Hlavn\u00ed vedouc\u00ed Adam Fiala m\u00e1 v\u00edce ne\u017e 10 let\u00e9 zku\u0161enosti s po\u0159\u00e1d\u00e1n\u00edm t\u00e1bor\u016f. Programov\u00e1 vedouc\u00ed Mgr. Gabriela Jand\u00edkov\u00e1 je zku\u0161en\u00e1 pedago\u017eka takt\u00e9\u017e s mnohaletou zku\u0161enost\u00ed s organizac\u00ed t\u00e1bor\u016f. Odd\u00edlov\u00fdmi vedouc\u00edmi jsou v\u011bt\u0161inov\u011b studenti vysok\u00fdch \u0161kol pedagogick\u00e9ho \u010di sportovn\u00edho zam\u011b\u0159en\u00ed, kte\u0159\u00ed s n\u00e1mi jezd\u00ed opakovan\u011b. Samoz\u0159ejmost\u00ed je na t\u00e1bo\u0159e takt\u00e9\u017e nep\u0159etr\u017eit\u00fd odborn\u00fd zdravotnick\u00fd dozor.<\/p>\n","protected":false},"excerpt":{"rendered":"<p>D\u011btsk\u00fd t\u00e1bor\u00a0je orientov\u00e1n jako klasick\u00e9 letn\u00ed pobyt d\u011bt\u00ed s bohat\u00fdm smyslupln\u00fdm programem a sportovn\u00edmi aktivitami. Je veden kolektivem zku\u0161en\u00fdch vedouc\u00edch v \u010dele s Adamem Fialou a Mgr. Gabrielou Jand\u00edkovou. Historie: D\u011btsk\u00fd t\u00e1bor po dlouh\u00e1 l\u00e9ta vedl zku\u0161en\u00fd pedagog Mgr. Ji\u0159\u00ed Ro\u010d\u00e1k, nejprve v rekrea\u010dn\u00edm are\u00e1lu Plo\u0161tina a n\u00e1sledn\u011b t\u00e1bor p\u0159enesl do rekrea\u010dn\u00edho are\u00e1lu Revika. Pot\u00e9 [&hellip;]<\/p>\n","protected":false},"author":1,"featured_media":0,"parent":0,"menu_order":0,"comment_status":"closed","ping_status":"closed","template":"","meta":{"site-sidebar-layout":"default","site-content-layout":"default","ast-site-content-layout":"","site-content-style":"default","site-sidebar-style":"default","ast-global-header-display":"","ast-banner-title-visibility":"","ast-main-header-display":"","ast-hfb-above-header-display":"","ast-hfb-below-header-display":"","ast-hfb-mobile-header-display":"","site-post-title":"","ast-breadcrumbs-content":"","ast-featured-img":"","footer-sml-layout":"","theme-transparent-header-meta":"default","adv-header-id-meta":"","stick-header-meta":"","header-above-stick-meta":"","header-main-stick-meta":"","header-below-stick-meta":"","astra-migrate-meta-layouts":"default","ast-page-background-enabled":"default","ast-page-background-meta":{"desktop":{"background-color":"var(--ast-global-color-4)","background-image":"","background-repeat":"repeat","background-position":"center center","background-size":"auto","background-attachment":"scroll","background-type":"","background-media":"","overlay-type":"","overlay-color":"","overlay-opacity":"","overlay-gradient":""},"tablet":{"background-color":"","background-image":"","background-repeat":"repeat","background-position":"center center","background-size":"auto","background-attachment":"scroll","background-type":"","background-media":"","overlay-type":"","overlay-color":"","overlay-opacity":"","overlay-gradient":""},"mobile":{"background-color":"","background-image":"","background-repeat":"repeat","background-position":"center center","background-size":"auto","background-attachment":"scroll","background-type":"","background-media":"","overlay-type":"","overlay-color":"","overlay-opacity":"","overlay-gradient":""}},"ast-content-background-meta":{"desktop":{"background-color":"var(--ast-global-color-5)","background-image":"","background-repeat":"repeat","background-position":"center center","background-size":"auto","background-attachment":"scroll","background-type":"","background-media":"","overlay-type":"","overlay-color":"","overlay-opacity":"","overlay-gradient":""},"tablet":{"background-color":"var(--ast-global-color-5)","background-image":"","background-repeat":"repeat","background-position":"center center","background-size":"auto","background-attachment":"scroll","background-type":"","background-media":"","overlay-type":"","overlay-color":"","overlay-opacity":"","overlay-gradient":""},"mobile":{"background-color":"var(--ast-global-color-5)","background-image":"","background-repeat":"repeat","background-position":"center center","background-size":"auto","background-attachment":"scroll","background-type":"","background-media":"","overlay-type":"","overlay-color":"","overlay-opacity":"","overlay-gradient":""}},"footnotes":""},"_links":{"self":[{"href":"https:\/\/www.taborrevika.cz\/index.php\/wp-json\/wp\/v2\/pages\/16"}],"collection":[{"href":"https:\/\/www.taborrevika.cz\/index.php\/wp-json\/wp\/v2\/pages"}],"about":[{"href":"https:\/\/www.taborrevika.cz\/index.php\/wp-json\/wp\/v2\/types\/page"}],"author":[{"embeddable":true,"href":"https:\/\/www.taborrevika.cz\/index.php\/wp-json\/wp\/v2\/users\/1"}],"replies":[{"embeddable":true,"href":"https:\/\/www.taborrevika.cz\/index.php\/wp-json\/wp\/v2\/comments?post=16"}],"version-history":[{"count":5,"href":"https:\/\/www.taborrevika.cz\/index.php\/wp-json\/wp\/v2\/pages\/16\/revisions"}],"predecessor-version":[{"id":1374,"href":"https:\/\/www.taborrevika.cz\/index.php\/wp-json\/wp\/v2\/pages\/16\/revisions\/1374"}],"wp:attachment":[{"href":"https:\/\/www.taborrevika.cz\/index.php\/wp-json\/wp\/v2\/media?parent=16"}],"curies":[{"name":"wp","href":"https:\/\/api.w.org\/{rel}","templated":true}]}}

O táboře

<p>Dětský tábor je orientován jako klasické letní pobyt dětí s bohatým smysluplným programem a sportovními aktivitami. Je veden kolektivem zkušených vedoucích v čele s Adamem Fialou a Mgr. Gabrielou Jandíkovou.</p>



<p><strong>Historie:</strong></p>



<p>Dětský tábor po dlouhá léta vedl zkušený pedagog Mgr. Jiří Ročák, nejprve v rekreačním areálu Ploština a následně tábor přenesl do rekreačního areálu Revika. Poté předal tábor novému vedení, a od roku 2025 se začíná psát nová kapitola tábora pod hlavičkou spolku Zaleta.</p>



<p><strong>Lokalita:</strong></p>



<p>Tábor pořádáme již několikátým rokem v rekreačním areálu Revika Vizovice (www.revika.cz). Areál je vhodně umístěn v klidné části Vizovických vrchů a je obklopen hlubokými lesy, které přímo vybízejí k různorodým táborovým aktivitám. Součástí areálu jsou také sportovní hřiště a bazén, který v horkých dnech aktivně a rádi využíváme. Dále máme k dispozici terasu i klubovnu.</p>



<p><strong>Ubytování:</strong></p>



<p>Mladší děti ubytováváme na hlavní budově, kde jsou k dispozici 3-4 lůžkové pokoje, sociální zázemí se nachází na každém patře. Starší děti jsou ubytovány v chatách, každá chata má 4 pokoje a vlastní sociální zařízení, kapacita chaty je 13-17 míst. Strava je zajištěna 5x denně s celodenním pitným režimem.</p>



<p><strong>Program:</strong></p>



<p>Každoročně vymýšlíme nosné téma, které se bude prolínat celým táborem. Děti jsou rozděleny podle věku do oddílů. Dopolední program je věnován činnostem v rámci oddílů, kdy náplní jsou sportovní hry, dovednostní hry a jiné. V odpoledním programu využíváme hlavní téma tábora k celotáborovým hrám. Režim dne je vhodně rozplánován ve vztahu k dostatečné době spánku, stravě, hygieně, osobnímu volnu a táborovým aktivitám.</p>



<p><strong>Vedoucí:</strong></p>



<p>Hlavní vedoucí Adam Fiala má více než 10 leté zkušenosti s pořádáním táborů. Programová vedoucí Mgr. Gabriela Jandíková je zkušená pedagožka taktéž s mnohaletou zkušeností s organizací táborů. Oddílovými vedoucími jsou většinově studenti vysokých škol pedagogického či sportovního zaměření, kteří s námi jezdí opakovaně. Samozřejmostí je na táboře taktéž nepřetržitý odborný zdravotnický dozor.</p>

<p>Dětský tábor je orientován jako klasické letní pobyt dětí s bohatým smysluplným programem a sportovními aktivitami. Je veden kolektivem zkušených vedoucích v čele s Adamem Fialou a Mgr. Gabrielou Jandíkovou. Historie: Dětský tábor po dlouhá léta vedl zkušený pedagog Mgr. Jiří Ročák, nejprve v rekreačním areálu Ploština a následně tábor přenesl do rekreačního areálu Revika. Poté [&hellip;]</p>
